r of 1302 and 2976?
186
Calculate the greatest common divisor of 388 and 12.
4
Calculate the highest common factor of 369 and 18.
9
Calculate the greatest common divisor of 1474 and 66.
22
What is the greatest common factor of 60 and 300?
60
Calculate the greatest common factor of 16 and 296.
8
What is the highest common divisor of 986 and 1241?
17
What is the highest common factor of 1617 and 4263?
147
Calculate the greatest common divisor of 715 and 22.
11
Calculate the highest common divisor of 29 and 1189.
29
What is the highest common factor of 39 and 195?
39
Calculate the highest common factor of 30 and 810.
30
Calculate the greatest common divisor of 84 and 1708.
28
Calculate the highest common divisor of 144 and 81.
9
What is the greatest common divisor of 427 and 7?
7
What is the greatest common divisor of 14 and 19831?
7
What is the highest common factor of 527 and 153?
17
Calculate the greatest common divisor of 29 and 2929.
29
What is the greatest common divisor of 632 and 8?
8
Calculate the greatest common factor of 132 and 438.
6
What is the greatest common divisor of 184 and 16100?
92
What is the highest common factor of 73 and 7081?
73
What is the greatest common factor of 3354 and 26?
26
What is the greatest common factor of 195 and 78?
39
What is the greatest common factor of 41146 and 14?
14
What is the highest common divisor of 213 and 6?
3
What is the highest common divisor of 9492 and 48?
12
Calculate the greatest common factor of 100 and 1600.
100
What is the highest common factor of 1028 and 2313?
257
Calculate the highest common divisor of 572 and 1001.
143
What is the highest common factor of 37 and 1406?
37
Calculate the highest common divisor of 2177 and 21.
7
What is the highest common factor of 209 and 715?
11
Calculate the highest common factor of 11645 and 17.
17
Calculate the highest common divisor of 44 and 4.
4
Calculate the highest common factor of 1043 and 7.
7
Calculate the greatest common factor of 121 and 3718.
11
What is the greatest common divisor of 36 and 225?
9
What is the greatest common factor of 87 and 203?
29
Calculate the highest common divisor of 61 and 28304.
61
Calculate the highest common factor of 196 and 28.
28
What is the highest common divisor of 160 and 96?
32
What is the highest common divisor of 5784 and 48?
24
Calculate the highest common factor of 516 and 384.
12
What is the greatest common divisor of 111 and 6771?
111
Calculate the greatest common divisor of 55 and 1110.
5
Calculate the greatest common divisor of 492 and 123.
123
What is the highest common divisor of 245 and 5?
5
What is the greatest common divisor of 28 and 21028?
28
Calculate the greatest common factor of 468 and 9945.
117
Calculate the greatest common factor of 117 and 99.
9
Calculate the greatest common divisor of 109 and 7.
1
Calculate the highest common divisor of 54 and 18.
18
Calculate the highest common factor of 2259 and 3263.
251
Calculate the highest common divisor of 912 and 66.
6
What is the highest common factor of 84 and 4704?
84
What is the greatest common factor of 1240 and 6355?
155
Calculate the greatest common divisor of 1782 and 44.
22
Calculate the greatest common factor of 156 and 24.
12
What is the greatest common factor of 460 and 20?
20
What is the greatest common divisor of 16897 and 366?
61
Calculate the greatest common divisor of 213 and 71.
71
What is the greatest common divisor of 171 and 3648?
57
Calculate the highest common divisor of 847 and 7.
7
What is the highest common factor of 855 and 45?
45
What is the greatest common divisor of 3000 and 105?
15
Calculate the greatest common factor of 2032 and 12.
4
What is the greatest common divisor of 48 and 3584?
16
Calculate the highest common divisor of 1365 and 5187.
273
Calculate the greatest common factor of 238 and 3.
1
Calculate the highest common factor of 609 and 525.
21
Calculate the highest common divisor of 4392 and 2379.
183
Calculate the highest common factor of 87 and 2059.
29
Calculate the greatest common factor of 180 and 708.
12
Calculate the highest common factor of 207 and 828.
207
Calculate the greatest common factor of 162 and 2592.
162
Calculate the greatest common divisor of 1526 and 42.
14
Calculate the highest common divisor of 436 and 48.
4
Calculate the highest common factor of 492 and 8569.
41
Calculate the greatest common divisor of 210 and 5516.
14
What is the highest common divisor of 36252 and 12?
12
What is the greatest common factor of 84 and 105?
21
Calculate the greatest common factor of 39 and 21.
3
What is the greatest common divisor of 42 and 315?
21
What is the highest common factor of 30880 and 32?
32
What is the greatest common divisor of 2 and 5086?
2
What is the greatest common divisor of 133 and 21?
7
What is the greatest common factor of 39 and 416?
13
What is the greatest common factor of 44 and 37?
1
Calculate the greatest common factor of 609 and 168.
21
Calculate the highest common factor of 94 and 141.
47
Calculate the highest common divisor of 24 and 42.
6
What is the greatest common divisor of 736 and 138?
46
Calculate the highest common factor of 792 and 6120.
72
What is the highest common factor of 44 and 22?
22
What is the highest common factor of 275 and 50?
25
Calculate the highest common factor of 22 and 231.
11
What is the greatest common divisor of 825 and 1485?
165
What is the highest common factor of 16 and 10?
2
Calculate the greatest common factor of 80 and 2.
2
Calculate the greatest common divisor of 8 and 88.
8
What is the greatest common divisor of 52 and 1001?
13
What is the highest common factor of 119 and 2023?
119
Calculate the highest common factor of 18 and 96.
6
Calculate the highest common factor of 528 and 752.
16
Calculate the highest common divisor of 24 and 272.
8
Calculate the greatest common divisor of 63 and 1057.
7
Calculate the greatest common divisor of 210 and 280.
70
What is the highest common factor of 2349 and 58?
29
What is the highest common divisor of 527 and 17?
17
Calculate the greatest common factor of 156 and 10.
2
What is the greatest common factor of 1118 and 910?
26
Calculate the greatest common divisor of 124593 and 357.
357
Calculate the greatest common divisor of 344 and 115928.
344
Calculate the highest common factor of 46 and 54.
2
Calculate the greatest common divisor of 96 and 18.
6
Calculate the highest common divisor of 6466 and 976.
122
What is the greatest common factor of 1705 and 220?
55
Calculate the highest common divisor of 2826 and 18.
18
What is the highest common divisor of 495 and 440?
55
Calculate the highest common factor of 60 and 200.
20
Calculate the highest common factor of 2632 and 112.
56
What is the highest common divisor of 464 and 29?
29
What is the highest common factor of 486 and 1242?
54
Calculate the highest common factor of 38 and 5833.
19
Calculate the greatest common factor of 399 and 14.
7
Calculate the greatest common factor of 624 and 48.
48
What is the greatest common factor of 31 and 13919?
31
What is the highest common factor of 51 and 663?
51
Calculate the greatest common divisor of 11496 and 12.
12
Calculate the highest common factor of 31 and 992.
31
Calculate the greatest common divisor of 390 and 10.
10
What is the greatest common divisor of 85 and 1445?
85
What is the greatest common factor of 1250 and 2250?
250
Calculate the highest common factor of 64 and 224.
32
Calculate the greatest common factor of 16 and 10648.
8
Calculate the highest common factor of 221 and 17.
17
Calculate the greatest common factor of 3692 and 3124.
284
What is the highest common factor of 8460 and 60?
60
What is the highest common divisor of 1984 and 64?
64
Calculate the greatest common factor of 10 and 166.
2
Calculate the highest common factor of 9 and 108.
9
What is the highest common divisor of 182 and 637?
91
Calculate the greatest common divisor of 250 and 3200.
50
What is the highest common factor of 728 and 182?
182
What is the greatest common factor of 156 and 208?
52
What is the highest common divisor of 6489 and 63?
63
What is the highest common factor of 3141 and 12?
3
What is the greatest common factor of 1098 and 3477?
183
What is the highest common factor of 5432 and 2?
2
What is the grea